{"id":38,"date":"2021-10-27T13:16:58","date_gmt":"2021-10-27T13:16:58","guid":{"rendered":"http:\/\/centroeducacionalrenascer.com.br\/?page_id=38"},"modified":"2021-11-08T11:53:09","modified_gmt":"2021-11-08T11:53:09","slug":"filosofia-2","status":"publish","type":"page","link":"https:\/\/centroeducacionalrenascer.com.br\/?page_id=38","title":{"rendered":"<center>FILOSOFIA<\/center>"},"content":{"rendered":"<p style=\"text-align: justify;\"><strong>Percebemos a necessidade de desenvolvermos uma filosofia pedag\u00f3gica que valorize a \u00e9tica e a consci\u00eancia humana, que permita o acesso e o conv\u00edvio com as novas tecnologias e todos os conhecimentos gerados pelas mesmas, por\u00e9m que construa paralelamente uma \u00e9tica e uma consci\u00eancia sobre os verdadeiros ganhos da sociedade quanto ao uso destes recursos.<\/strong><\/p>\n\n<p style=\"text-align: center;\"><strong>Ainda n\u00e3o est\u00e1 convencido(a)? <a href=\"http:\/\/centroeducacionalrenascer.com.br\/?page_id=40\">Conhe\u00e7a os nossos objetivos.<\/a><\/strong><\/p>\n\n\n<p><\/p>\n","protected":false},"excerpt":{"rendered":"<p>Percebemos a necessidade de desenvolvermos uma filosofia pedag\u00f3gica que valorize a \u00e9tica e a consci\u00eancia humana, que permita o acesso e o conv\u00edvio com as novas tecnologias e todos os conhecimentos gerados pelas mesmas, por\u00e9m que construa paralelamente uma \u00e9tica e uma consci\u00eancia sobre os verdadeiros ganhos da sociedade quanto ao uso destes recursos. Ainda&#8230;<\/p>\n<p class=\"more-link-wrap\"><a href=\"https:\/\/centroeducacionalrenascer.com.br\/?page_id=38\" class=\"more-link\">Read More<span class=\"screen-reader-text\"> &ldquo;FILOSOFIA&rdquo;<\/span> &raquo;<\/a><\/p>\n","protected":false},"author":1,"featured_media":0,"parent":0,"menu_order":0,"comment_status":"closed","ping_status":"closed","template":"","meta":[],"_links":{"self":[{"href":"https:\/\/centroeducacionalrenascer.com.br\/index.php?rest_route=\/wp\/v2\/pages\/38"}],"collection":[{"href":"https:\/\/centroeducacionalrenascer.com.br\/index.php?rest_route=\/wp\/v2\/pages"}],"about":[{"href":"https:\/\/centroeducacionalrenascer.com.br\/index.php?rest_route=\/wp\/v2\/types\/page"}],"author":[{"embeddable":true,"href":"https:\/\/centroeducacionalrenascer.com.br\/index.php?rest_route=\/wp\/v2\/users\/1"}],"replies":[{"embeddable":true,"href":"https:\/\/centroeducacionalrenascer.com.br\/index.php?rest_route=%2Fwp%2Fv2%2Fcomments&post=38"}],"version-history":[{"count":5,"href":"https:\/\/centroeducacionalrenascer.com.br\/index.php?rest_route=\/wp\/v2\/pages\/38\/revisions"}],"predecessor-version":[{"id":451,"href":"https:\/\/centroeducacionalrenascer.com.br\/index.php?rest_route=\/wp\/v2\/pages\/38\/revisions\/451"}],"wp:attachment":[{"href":"https:\/\/centroeducacionalrenascer.com.br\/index.php?rest_route=%2Fwp%2Fv2%2Fmedia&parent=38"}],"curies":[{"name":"wp","href":"https:\/\/api.w.org\/{rel}","templated":true}]}}

<p style="text-align: justify;"><strong>Percebemos a necessidade de desenvolvermos uma filosofia pedagógica que valorize a ética e a consciência humana, que permita o acesso e o convívio com as novas tecnologias e todos os conhecimentos gerados pelas mesmas, porém que construa paralelamente uma ética e uma consciência sobre os verdadeiros ganhos da sociedade quanto ao uso destes recursos.</strong></p>

<p style="text-align: center;"><strong>Ainda não está convencido(a)? <a href="http://centroeducacionalrenascer.com.br/?page_id=40">Conheça os nossos objetivos.</a></strong></p>


<p></p>

<p>Percebemos a necessidade de desenvolvermos uma filosofia pedagógica que valorize a ética e a consciência humana, que permita o acesso e o convívio com as novas tecnologias e todos os conhecimentos gerados pelas mesmas, porém que construa paralelamente uma ética e uma consciência sobre os verdadeiros ganhos da sociedade quanto ao uso destes recursos. Ainda&#8230;</p>
<p class="more-link-wrap"><a href="https://centroeducacionalrenascer.com.br/?page_id=38" class="more-link">Read More<span class="screen-reader-text"> &ldquo;FILOSOFIA&rdquo;</span> &raquo;</a></p>
