{"id":40,"date":"2021-10-27T13:17:36","date_gmt":"2021-10-27T13:17:36","guid":{"rendered":"http:\/\/centroeducacionalrenascer.com.br\/?page_id=40"},"modified":"2021-11-08T11:56:17","modified_gmt":"2021-11-08T11:56:17","slug":"objetivos","status":"publish","type":"page","link":"https:\/\/centroeducacionalrenascer.com.br\/?page_id=40","title":{"rendered":"<center>OBJETIVOS<\/center>"},"content":{"rendered":"<ul>\n<li><strong>Construir uma verdadeira concep\u00e7\u00e3o pol\u00edtica do ato de educar, adotando como princ\u00edpios fundamentais \u00e0 valoriza\u00e7\u00e3o do cotidiano do aluno e a constru\u00e7\u00e3o de uma pr\u00e1xis educativa que estimule a leitura cr\u00edtica do mundo;<\/strong><\/li>\n<\/ul>\n<ul>\n<li><strong>Proporcionar uma escola mais atraente para o aluno, criando condi\u00e7\u00f5es para que este seja incentivado e onde sinta prazer de estudar, proporcionando uma melhor aprendizagem;<\/strong><\/li>\n<\/ul>\n<ul>\n<li><strong>Desenvolver atividades que proporcionem aos educandos a reflex\u00e3o, o questionamento e o desenvolvimento do senso cr\u00edtico;<\/strong><\/li>\n<\/ul>\n<ul>\n<li><strong>Estimular no aluno o h\u00e1bito da leitura, utilizando um espa\u00e7o para o \u201ccantinho da Leitura\u201d;<\/strong><\/li>\n<\/ul>\n<ul>\n<li><strong>Promover a integra\u00e7\u00e3o horizontal e vertical entre as s\u00e9ries;<\/strong><\/li>\n<\/ul>\n<ul>\n<li><strong>Propiciar aos alunos a apropria\u00e7\u00e3o de meios para se situar no mundo em que vivem, entendendo as rela\u00e7\u00f5es que nele se estabelecem, criticando e participando de sua transforma\u00e7\u00e3o.<\/strong><\/li>\n<\/ul>\n<p style=\"text-align: center;\"><strong>Ainda n\u00e3o est\u00e1 convencido(a)? <a href=\"http:\/\/centroeducacionalrenascer.com.br\/?page_id=42\">Conhe\u00e7a a Educa\u00e7\u00e3o Que Propomos.<\/a><\/strong><\/p>\n","protected":false},"excerpt":{"rendered":"<p>Construir uma verdadeira concep\u00e7\u00e3o pol\u00edtica do ato de educar, adotando como princ\u00edpios fundamentais \u00e0 valoriza\u00e7\u00e3o do cotidiano do aluno e a constru\u00e7\u00e3o de uma pr\u00e1xis educativa que estimule a leitura cr\u00edtica do mundo; Proporcionar uma escola mais atraente para o aluno, criando condi\u00e7\u00f5es para que este seja incentivado e onde sinta prazer de estudar, proporcionando&#8230;<\/p>\n<p class=\"more-link-wrap\"><a href=\"https:\/\/centroeducacionalrenascer.com.br\/?page_id=40\" class=\"more-link\">Read More<span class=\"screen-reader-text\"> &ldquo;OBJETIVOS&rdquo;<\/span> &raquo;<\/a><\/p>\n","protected":false},"author":1,"featured_media":0,"parent":0,"menu_order":0,"comment_status":"closed","ping_status":"closed","template":"","meta":[],"_links":{"self":[{"href":"https:\/\/centroeducacionalrenascer.com.br\/index.php?rest_route=\/wp\/v2\/pages\/40"}],"collection":[{"href":"https:\/\/centroeducacionalrenascer.com.br\/index.php?rest_route=\/wp\/v2\/pages"}],"about":[{"href":"https:\/\/centroeducacionalrenascer.com.br\/index.php?rest_route=\/wp\/v2\/types\/page"}],"author":[{"embeddable":true,"href":"https:\/\/centroeducacionalrenascer.com.br\/index.php?rest_route=\/wp\/v2\/users\/1"}],"replies":[{"embeddable":true,"href":"https:\/\/centroeducacionalrenascer.com.br\/index.php?rest_route=%2Fwp%2Fv2%2Fcomments&post=40"}],"version-history":[{"count":6,"href":"https:\/\/centroeducacionalrenascer.com.br\/index.php?rest_route=\/wp\/v2\/pages\/40\/revisions"}],"predecessor-version":[{"id":453,"href":"https:\/\/centroeducacionalrenascer.com.br\/index.php?rest_route=\/wp\/v2\/pages\/40\/revisions\/453"}],"wp:attachment":[{"href":"https:\/\/centroeducacionalrenascer.com.br\/index.php?rest_route=%2Fwp%2Fv2%2Fmedia&parent=40"}],"curies":[{"name":"wp","href":"https:\/\/api.w.org\/{rel}","templated":true}]}}