{"id":42,"date":"2021-10-27T13:18:08","date_gmt":"2021-10-27T13:18:08","guid":{"rendered":"http:\/\/centroeducacionalrenascer.com.br\/?page_id=42"},"modified":"2021-11-08T12:00:38","modified_gmt":"2021-11-08T12:00:38","slug":"educacao-que-propomos","status":"publish","type":"page","link":"https:\/\/centroeducacionalrenascer.com.br\/?page_id=42","title":{"rendered":"<center>EDUCA\u00c7\u00c3O QUE PROPOMOS<\/center>"},"content":{"rendered":"<p class=\"has-text-align-left\"><strong>A educa\u00e7\u00e3o que n\u00f3s propomos \u00e9 a de proporcionar aos nossos alunos o desenvolvimento consciente cr\u00edtico, de uma compet\u00eancia para analisar e compreender o mundo, a hist\u00f3ria, a cultura e o processo de trabalho. Uma educa\u00e7\u00e3o que visa orientar o educando para um estado de maturidade, com a realidade, para o mesmo atuar de maneira eficiente e respons\u00e1vel, a fim de serem atendidas as necessidades e expira\u00e7\u00f5es pessoais e coletivas. A educa\u00e7\u00e3o tem de sensibilizar o indiv\u00edduo quanto \u00e0 transcendentalidade da sua pr\u00f3pria realidade.<\/strong><\/p>\n<p><strong>Desde que cidadania \u00e9 como condi\u00e7\u00e3o necess\u00e1ria para o desenvolvimento humano, o cidad\u00e3o n\u00e3o poderia ser apenas objeto de aprendizagem. Sendo assim, \u00e9 essencial que tornemos nossos alunos sujeito cr\u00edtico e criativo para participar ativamente, atingindo a condi\u00e7\u00e3o de patrim\u00f4nio fundamental da sociedade.<\/strong><\/p>\n<p><strong>Buscamos oferecer uma educa\u00e7\u00e3o, que forme as bases da compet\u00eancia humana frente a oportunidade de desenvolvimento, agindo tanto na dire\u00e7\u00e3o da cidadania, quanto na transforma\u00e7\u00e3o produtiva de qualidade de vida, formadora de alunos capazes de viver o exerc\u00edcio da cidadania.<\/strong><\/p>\n<p style=\"text-align: center;\"><strong>Gostou da nossa escola? <a href=\"http:\/\/centroeducacionalrenascer.com.br\/?page_id=51\">Veja onde ela est\u00e1 localizada.<\/a><\/strong><\/p>\n","protected":false},"excerpt":{"rendered":"<p>A educa\u00e7\u00e3o que n\u00f3s propomos \u00e9 a de proporcionar aos nossos alunos o desenvolvimento consciente cr\u00edtico, de uma compet\u00eancia para analisar e compreender o mundo, a hist\u00f3ria, a cultura e o processo de trabalho. Uma educa\u00e7\u00e3o que visa orientar o educando para um estado de maturidade, com a realidade, para o mesmo atuar de maneira&#8230;<\/p>\n<p class=\"more-link-wrap\"><a href=\"https:\/\/centroeducacionalrenascer.com.br\/?page_id=42\" class=\"more-link\">Read More<span class=\"screen-reader-text\"> &ldquo;EDUCA\u00c7\u00c3O QUE PROPOMOS&rdquo;<\/span> &raquo;<\/a><\/p>\n","protected":false},"author":1,"featured_media":0,"parent":0,"menu_order":0,"comment_status":"closed","ping_status":"closed","template":"","meta":[],"_links":{"self":[{"href":"https:\/\/centroeducacionalrenascer.com.br\/index.php?rest_route=\/wp\/v2\/pages\/42"}],"collection":[{"href":"https:\/\/centroeducacionalrenascer.com.br\/index.php?rest_route=\/wp\/v2\/pages"}],"about":[{"href":"https:\/\/centroeducacionalrenascer.com.br\/index.php?rest_route=\/wp\/v2\/types\/page"}],"author":[{"embeddable":true,"href":"https:\/\/centroeducacionalrenascer.com.br\/index.php?rest_route=\/wp\/v2\/users\/1"}],"replies":[{"embeddable":true,"href":"https:\/\/centroeducacionalrenascer.com.br\/index.php?rest_route=%2Fwp%2Fv2%2Fcomments&post=42"}],"version-history":[{"count":7,"href":"https:\/\/centroeducacionalrenascer.com.br\/index.php?rest_route=\/wp\/v2\/pages\/42\/revisions"}],"predecessor-version":[{"id":455,"href":"https:\/\/centroeducacionalrenascer.com.br\/index.php?rest_route=\/wp\/v2\/pages\/42\/revisions\/455"}],"wp:attachment":[{"href":"https:\/\/centroeducacionalrenascer.com.br\/index.php?rest_route=%2Fwp%2Fv2%2Fmedia&parent=42"}],"curies":[{"name":"wp","href":"https:\/\/api.w.org\/{rel}","templated":true}]}}